0, -x = 4*t + 149. What is the units digit of 317/9 - (-8)/t?
5
Let v(w) = 227*w - 5. Let j be v(3). Suppose -4*b + 4*g = -j, 0*b + 4*b + 5*g - 640 = 0. What is the hundreds digit of b?
1
Suppose r - 5*x = 1380, 12*r + 5*x = 10*r + 2685. What is the thousands digit of r?
1
Suppose -1 = u + 2. What is the tens digit of 122/u*24/(-16)?
6
Let v(r) = r**2 - 5*r - 1. Let d(o) be the third derivative of -o**5/60 + o**4/4 + o**3/2 - 4*o**2. Let y be d(5). What is the units digit of v(y)?
3
Let v be ((-138)/(-9) - 0)/((-2)/9). Let l = v + 110. What is the tens digit of l?
4
What is the units digit of ((-2056)/32)/((-1)/4)?
7
Let o = -3 - -6. Let f(h) = 5*h**2 + h - 10. What is the units digit of f(o)?
8
Let p(w) be the second derivative of -w**5/20 - 5*w**4/12 - w**3/2 - 4*w**2 - 12*w. Let r be p(-7). Suppose -3*t = -r - 21. What is the units digit of t?
4
Let z be -3*(0 - 124/6). Suppose 5*w - l - 135 = 0, 2*w - z = 4*l - 2*l. Suppose -2*b = -3*f + 26, -5*f + 4*b + 16 = -w. What is the tens digit of f?
1
Suppose 3*h - 140 = -2*h. Suppose 4*q - h = i, 3*q - 2*i = -0*i + 21. Suppose -q*n = -n - 342. What is the tens digit of n?
5
What is the hundreds digit of -10*852/(-18) - 1/3?
4
Suppose 36*s = 34*s + 472. What is the units digit of s?
6
Let j = -7548 + 10659. Suppose 20*v = j + 1649. What is the hundreds digit of v?
2
Let k be (-2 - (2 + 0))*5/(-10). Suppose -10 = -4*x + k, 0 = 2*b - x - 85. What is the units digit of b?
4
What is the hundreds digit of -2 - -3 - (-353 - -21)?
3
Suppose 4*t = 2*q - 104, -t = -5*q + t + 300. Suppose -k = -2*x + q, -152 = -7*x + 2*x + k. What is the units digit of x?
0
Suppose 4*z - 16 = 0, 0 = 2*x + 3*x + 3*z - 272. Suppose 98 = 2*m - x. What is the tens digit of m?
7
Let j be 3564/28 - (-2)/(-7). Let n = -51 + j. Let i = n - 44. What is the units digit of i?
2
What is the tens digit of (-47910)/(-21) + (-51)/119?
8
Suppose -4*i + 2*i = -4*d + 28, -8 = -2*d. Let c be (23 - 1) + i + 6. Let r = 5 + c. What is the tens digit of r?
2
Let f(w) = 2*w + 2*w - 17*w**3 + 8 + 2*w**2 + 0*w + 2*w. What is the units digit of f(-2)?
0
Suppose -4*b + 106 + 522 = 0. What is the hundreds digit of b?
1
Suppose -5*v + 1044 = -626. What is the hundreds digit of v?
3
Let z(v) = v + 18. Let q be z(-21). Let y(a) = -7 - 2*a**3 - 3*a - 4*a**2 + a - 3*a. What is the units digit of y(q)?
6
Let y = 14 + -12. Suppose 2*h = -0*h - y, 5*b = 3*h + 143. Let n = b - 4. What is the tens digit of n?
2
Let w(p) = -13*p**3 - p**2 - 2*p - 1. Let t be w(-2). Let u = t + -53. What is the tens digit of u?
5
Let v(o) = 3*o + 5 + 2 - 4*o. Let z be v(-9). Suppose 4*l - a - 20 = 12, 2*l = 2*a + z. What is the units digit of l?
8
Let l(q) = -7*q + 15. Let x be l(8). Let o = x + 107. What is the tens digit of o?
6
Suppose -1992 = -5*s - s. Suppose -18 = -5*a + s. Let m = a + -33. What is the tens digit of m?
3
Let s = -526 + 1241. What is the tens digit of s?
1
Suppose 3*a - 4*l - 7846 = 0, 7*l - 4 = 11*l. What is the units digit of a?
4
Let l(c) = c + 1. Let g be l(3). Let y = g - -47. What is the units digit of y?
1
Suppose 4*r - 3*j - 983 = 2*j, -5 = -5*j. Let a = r + -113. What is the hundreds digit of a?
1
Let i(r) = -55*r**2 - 4*r + 1. Let k(x) = -55*x**2 - 6*x + 1. Let v(d) = -3*i(d) + 2*k(d). What is the hundreds digit of v(2)?
2
Let f = 111 - 117. Let n(b) be the third derivative of -b**6/120 - b**5/10 + b**4/24 + 4*b**3/3 + 2*b**2. What is the units digit of n(f)?
2
Let k(q) = 3*q - 13. Let z be 17/2 - -2 - (-2)/(-4). What is the tens digit of k(z)?
1
Let d(w) = 56*w**3 + 2*w**2 + 3*w - 6. What is the units digit of d(2)?
6
Suppose 7*t - 2*i = 10*t - 484, 0 = 5*t + 5*i - 810. What is the units digit of t?
0
What is the units digit of (1 + 23)*294/12?
8
What is the units digit of (-5)/(-1) + (-10 - -738)?
3
Suppose 5*q + 16*q = 7*q. Suppose -4*k + 2*k = q, 5*o + k = 1105. What is the hundreds digit of o?
2
Suppose -3*f + 8*f - 20 = 0. Let z(u) = 2*u - 6 + u - 5*u + 6*u. What is the units digit of z(f)?
0
Let o be (-315)/(-36) - 1/(-4). Suppose -o*w + 56 = -8*w. What is the units digit of w?
6
Let x(m) = 5*m + 30. Let j(o) = -o - 1. Let w(g) = -20*j(g) + x(g). What is the units digit of w(6)?
0
Suppose 2*u - 28 = 4*i + 14, u - 24 = -i. Let l = u - 14. Suppose -l*c = -5*c - 140. What is the tens digit of c?
3
Suppose 0 = 4*h + 4*q - 836, -99*q - 592 = -3*h - 95*q. What is the hundreds digit of h?
2
Let h = 18 - 13. Let x(t) = t - 4. Let p be x(8). Suppose 0 = p*s - h*s + 8. What is the units digit of s?
8
Let x(j) = 159*j - 99. Let g(n) = -32*n + 20. Let m(d) = -24*g(d) - 5*x(d). What is the units digit of m(-3)?
6
Let h be 3/(297/(-102) - -3). Suppose -2*r + h = 10. Suppose 0 = 4*s - 8 - r. What is the units digit of s?
5
Let v = 8852 + -6310. What is the hundreds digit of v?
5
Let f(x) = x**3 - 6*x**2 - 3*x - 26. Let n be f(7). Suppose -n*b - q = -148, q + 222 = 3*b + 2*q. What is the tens digit of b?
7
Let o(j) = -24*j**3 + j + 1. Let y be o(-1). Let z = 134 - y. Suppose -4*b + d + z = -d, -3*b = -5*d - 100. What is the tens digit of b?
2
What is the units digit of (3 - 1)/((-14)/(-3199))?
7
Suppose 2*p - 5*r - 21 = 0, 2*r = -3*p + p. Suppose 0 = -5*h + p*o + 285, 3*o + 5 = -h + 80. What is the tens digit of h?
6
Suppose q = -12 + 60. Let k be 3/(-9) + q/9. Suppose -2*c = -k*c + 93. What is the tens digit of c?
3
What is the hundreds digit of (0 + 25)/(29/3335)?
8
What is the units digit of ((-119)/(-14) - 8)*(-3 + 5)?
1
Let g(o) = -17*o + 2. Let u be g(1). Let q = u + 19. What is the units digit of q?
4
Let k(a) = 6*a - 20. Suppose 3*n = -3 - 6. Let c(s) = -19*s + 59. Let f(d) = n*c(d) - 8*k(d). What is the tens digit of f(5)?
2
Let c(v) = v**2 + 3*v + 4. Let s be c(-3). Suppose 8*a - s*a = 0. Suppose a = 5*p - 40 + 10. What is the units digit of p?
6
Let s be 4/(-20) - 136/(-5). Let f = s - 25. Suppose 4*c - 162 = -f*l, -3*c + 154 = 2*l - c. What is the units digit of l?
3
Let u(t) = 4*t**2 - 8*t - 22. What is the thousands digit of u(-16)?
1
Let w = 56 + -26. What is the tens digit of (-14)/((-3)/w*2)?
7
Let d(x) = -16*x**3 - 10*x**2 - 7*x - 43. What is the units digit of d(-6)?
5
Suppose -8*m - 85 = -13*m. Suppose 2*w - 45 = m. What is the units digit of w?
1
Let h = -7 + 10. Suppose -3*q + 1 + 8 = 3*k, -2*k + h*q + 6 = 0. Suppose 0 = u - k*b - 23, 2*u = u - b + 27. What is the units digit of u?
6
Let v be (-45)/(-18)*6/5. Suppose -34 + 10 = -v*l. What is the units digit of l?
8
Let b be 1*(-52)/4*(3 + 1). Let s = 78 + b. What is the tens digit of s?
2
Suppose 5*k - 72 = -2*t, 3*k - 60 = -4*t + 7*t. Suppose -4*u = k, o = -0*o + u + 90. What is the tens digit of o?
8
Let z be (3/2)/(18/60). Suppose -3 = -z*j + 22. Suppose 0 = j*y - 10, 2*b + y = 50 + 18. What is the units digit of b?
3
Let h be (-86)/129 + (32/3 - 0). Let l(d) = -d**2 + d. Let v be l(0). Let x = h + v. What is the tens digit of x?
1
Let s be (-1384)/(-56) - 2/(-7). Suppose 173 = 26*r - s*r. What is the tens digit of r?
7
Suppose -21*j - 3167 + 29858 = 0. What is the hundreds digit of j?
2
Let x(o) = -o**2 - 11*o + 18. Let j(b) = b**2 + 10*b + 7. Let f(c) = -2*c**2. Let s be f(-2). Let y be j(s). What is the units digit of x(y)?
6
What is the hundreds digit of (-9)/((-54)/4740) - 7?
7
Suppose -371 = -2*a - 3*u, -12*u + 15*u = 4*a - 733. What is the tens digit of a?
8
Let h(p) = -p**2 - 2*p**2 + p**3 + 0*p**2 - 10*p - 3 - 2*p**2. Let l = 30 - 23. What is the units digit of h(l)?
5
Let f(i) = i**2 - 3*i + 1. Let w be f(-3). Suppose -76 = -5*m + w. Let u = m + 9. What is the tens digit of u?
2
Let a(j) = j**2 - 9*j + 111. What is the units digit of a(-23)?
7
Let s = 26 - 21. Suppose -w - 120 = -s*w. What is the tens digit of w?
3
Let z(v) be the second derivative of v**5/20 + 11*v**4/12 - 14*v**3/3 + 11*v**2/2 - 5*v. What is the tens digit of z(-13)?
3
Let p(x) = 65*x**2 + 27*x - 157. What is the hundreds digit of p(5)?
6
Suppose -3*j + 699 = f, 8*f = 9*f - 3*j - 723. What is the hundreds digit of f?
7
Let s be 5 + -2 + (11 - 3). Suppose 0*z + 4*r + 38 = 3*z, 3*z = -4*r - 2. Let j = z + s. What is the tens digit of j?
1
Suppose 23*l - 128 = -36. Let v be 3/((-2)/(-12) - 0). Suppose -4*s + l*z = -96, 3*s - 4*s = 2*z - v. What is the tens digit of s?
2
Let t(w) be the second derivative